{"id":195,"date":"2025-05-25T19:48:09","date_gmt":"2025-05-25T17:48:09","guid":{"rendered":"https:\/\/kamfoundationrdc.org\/?page_id=195"},"modified":"2025-12-11T10:42:46","modified_gmt":"2025-12-11T09:42:46","slug":"nos-actions","status":"publish","type":"page","link":"https:\/\/awnr.org\/index.php\/nos-actions\/","title":{"rendered":"Nos actions"},"content":{"rendered":"\n<p><strong>AWNR poursuit sa mission gr\u00e2ce aux actions de<\/strong> :<\/p>\n\n\n\n<div style=\"height:11px\" aria-hidden=\"true\" class=\"wp-block-spacer\"><\/div>\n\n\n\n<p>1. Recherche analytique et publication; <\/p>\n\n\n\n<p>2. Renforcement des capacit\u00e9s et sensibilisation;<\/p>\n\n\n\n<p>3. Suivi et \u00e9valuation (monitoring);<\/p>\n\n\n\n<p>4. Plaidoyer aupr\u00e8s des d\u00e9cideurs et institutions.<\/p>\n","protected":false},"excerpt":{"rendered":"<p>AWNR poursuit sa mission gr\u00e2ce aux actions de : 1. Recherche analytique et publication; 2. Renforcement des capacit\u00e9s et sensibilisation; 3. Suivi et \u00e9valuation (monitoring); 4. Plaidoyer aupr\u00e8s des d\u00e9cideurs et institutions.<\/p>\n","protected":false},"author":1,"featured_media":0,"parent":0,"menu_order":0,"comment_status":"closed","ping_status":"closed","template":"","meta":{"footnotes":""},"class_list":["post-195","page","type-page","status-publish","hentry"],"_links":{"self":[{"href":"https:\/\/awnr.org\/index.php\/wp-json\/wp\/v2\/pages\/195","targetHints":{"allow":["GET"]}}],"collection":[{"href":"https:\/\/awnr.org\/index.php\/wp-json\/wp\/v2\/pages"}],"about":[{"href":"https:\/\/awnr.org\/index.php\/wp-json\/wp\/v2\/types\/page"}],"author":[{"embeddable":true,"href":"https:\/\/awnr.org\/index.php\/wp-json\/wp\/v2\/users\/1"}],"replies":[{"embeddable":true,"href":"https:\/\/awnr.org\/index.php\/wp-json\/wp\/v2\/comments?post=195"}],"version-history":[{"count":4,"href":"https:\/\/awnr.org\/index.php\/wp-json\/wp\/v2\/pages\/195\/revisions"}],"predecessor-version":[{"id":1216,"href":"https:\/\/awnr.org\/index.php\/wp-json\/wp\/v2\/pages\/195\/revisions\/1216"}],"wp:attachment":[{"href":"https:\/\/awnr.org\/index.php\/wp-json\/wp\/v2\/media?parent=195"}],"curies":[{"name":"wp","href":"https:\/\/api.w.org\/{rel}","templated":true}]}}