{"id":1053,"date":"2025-11-20T18:51:11","date_gmt":"2025-11-20T17:51:11","guid":{"rendered":"https:\/\/awnr.org\/?page_id=1053"},"modified":"2025-12-04T07:31:02","modified_gmt":"2025-12-04T06:31:02","slug":"notre-histoire","status":"publish","type":"page","link":"https:\/\/awnr.org\/index.php\/notre-histoire\/","title":{"rendered":"Notre histoire"},"content":{"rendered":"\n<p><\/p>\n\n\n\n<div class=\"section-wrapper\" data-id=\"FgMvOf\"><section class=\"wp-block-gutenverse-section guten-element guten-section guten-FgMvOf layout-boxed align-stretch\"><div class=\"guten-container guten-column-gap-default\">\n<div class=\"wp-block-gutenverse-column guten-element guten-column guten-xzbGwr\"><div class=\"guten-column-wrapper\" data-id=\"xzbGwr\">\n<div class=\"guten-element gutenverse-text-editor guten-GUE9Bi\"><div class=\"text-content-inner\">\n<p class=\"has-medium-font-size\"><a>African Women for Natural Resources(AWNR) a \u00e9t\u00e9 cr\u00e9\u00e9e le 5 novembre 2025, \u00e0 l\u2019issue d\u2019une Assembl\u00e9e g\u00e9n\u00e9rale organis\u00e9e \u00e0 Kinshasa (RDC). Cette nouvelle \u00e9tape marque la volont\u00e9 d\u2019\u00e9largir la vision initialement port\u00e9e par KAM Foundation, nom d\u2019origine de notre ASBL, active de mani\u00e8re informelle depuis 2017 puis officiellement depuis 2018.<\/a><\/p>\n\n\n\n<p class=\"has-medium-font-size\"><\/p>\n\n\n\n<p class=\"has-medium-font-size\"><\/p>\n\n\n\n<p class=\"has-medium-font-size\"><a>Notre action vise \u00e0 faire en sorte que l\u2019exploitation des ressources naturelles g\u00e9n\u00e8re des opportunit\u00e9s \u00e9quitables pour les communaut\u00e9s en RDC et sur l\u2019ensemble du continent africain.<\/a><\/p>\n\n\n\n<p class=\"has-medium-font-size\"><\/p>\n\n\n\n<p class=\"has-medium-font-size\"><\/p>\n\n\n\n<p class=\"has-medium-font-size\">Le si\u00e8ge social de l\u2019organisation est \u00e9tabli dans la ville et province de Kinshasa, en R\u00e9publique d\u00e9mocratique du Congo.<\/p>\n<\/div><\/div>\n<\/div><\/div>\n<\/div><\/section><\/div>\n\n\n\n<p><\/p>\n","protected":false},"excerpt":{"rendered":"","protected":false},"author":1,"featured_media":0,"parent":0,"menu_order":0,"comment_status":"closed","ping_status":"closed","template":"","meta":{"footnotes":""},"class_list":["post-1053","page","type-page","status-publish","hentry"],"_links":{"self":[{"href":"https:\/\/awnr.org\/index.php\/wp-json\/wp\/v2\/pages\/1053","targetHints":{"allow":["GET"]}}],"collection":[{"href":"https:\/\/awnr.org\/index.php\/wp-json\/wp\/v2\/pages"}],"about":[{"href":"https:\/\/awnr.org\/index.php\/wp-json\/wp\/v2\/types\/page"}],"author":[{"embeddable":true,"href":"https:\/\/awnr.org\/index.php\/wp-json\/wp\/v2\/users\/1"}],"replies":[{"embeddable":true,"href":"https:\/\/awnr.org\/index.php\/wp-json\/wp\/v2\/comments?post=1053"}],"version-history":[{"count":7,"href":"https:\/\/awnr.org\/index.php\/wp-json\/wp\/v2\/pages\/1053\/revisions"}],"predecessor-version":[{"id":1180,"href":"https:\/\/awnr.org\/index.php\/wp-json\/wp\/v2\/pages\/1053\/revisions\/1180"}],"wp:attachment":[{"href":"https:\/\/awnr.org\/index.php\/wp-json\/wp\/v2\/media?parent=1053"}],"curies":[{"name":"wp","href":"https:\/\/api.w.org\/{rel}","templated":true}]}}